{"id":4157,"date":"2023-04-18T14:41:44","date_gmt":"2023-04-18T14:41:44","guid":{"rendered":"https:\/\/ave-eta-canada.com\/det-franske-spraket-forsvinner-litt-etter-litt-fra-kanada\/"},"modified":"2023-04-29T10:25:58","modified_gmt":"2023-04-29T10:25:58","slug":"det-franske-spraket-forsvinner-gradvis-fra-canada","status":"publish","type":"page","link":"https:\/\/ave-eta-canada.com\/no\/det-franske-spraket-forsvinner-gradvis-fra-canada\/","title":{"rendered":"Det franske spr\u00e5ket forsvinner gradvis fra Canada"},"content":{"rendered":"\n<h1 class=\"wp-block-heading\">Forsvinningen av fransk i engelsk Canada<\/h1>\n\n<p>Canada er et av franskmennenes favoritt turistm\u00e5l, men ogs\u00e5 et vertsland for mange utlendinger. Flere og flere kanadiere er imot \u00e5 l\u00e6re fransk. Hvorfor er de ikke interessert i spr\u00e5ket til Moli\u00e8re? Og hvilken fremtid for fransk i Canada?<\/p>\n\n<h2 class=\"wp-block-heading\">Det n\u00e5v\u00e6rende funnet<\/h2>\n\n<p>Engelsk og fransk er de to offisielle spr\u00e5kene i Canada, i henhold til loven som ble vedtatt i 1969 av parlamentet i Canada. Tidligere var tospr\u00e5klighet sv\u00e6rt viktig. Til tross for denne spr\u00e5klovgivningen, er engelske kanadiere mindre og mindre tilb\u00f8yelige til \u00e5 l\u00e6re eller snakke fransk. De er 10 millioner i 2018, for \u00e5 erkl\u00e6re \u00e5 kunne <a href=\"https:\/\/ave-eta-canada.com\/no\/nyhetene-angaende-eta\/\">snakke fransk<\/a>, men dette tallet er i konstant nedgang.<\/p>\n\n<p>\u00c5 l\u00e6re et obligatorisk andrespr\u00e5k plager dem allerede, og flere og flere lurer p\u00e5 hvorfor det skal v\u00e6re fransk. Noen kanadiere synes det er urettferdig \u00e5 l\u00e6re fransk i stedet for et annet spr\u00e5k. Selv i Quebec tar French et baksete og mister sin betydning.<\/p>\n\n<p>Et fenomen dukker opp, det med \u00e5 nekte \u00e5 leve p\u00e5 fransk. \u00c5 bruke fransk p\u00e5 jobb er fortsatt akseptabelt, men n\u00e5r du er hjemme, tar det andre offisielle spr\u00e5ket over. Fransk som f\u00f8rste morsm\u00e5l er ogs\u00e5 i tilbakegang.<br\/><\/p>\n\n<h2 class=\"wp-block-heading\">Hvilken fremtid for det franske spr\u00e5ket i Canada?<\/h2>\n\n<p>Mange studier viser et dypt skille mellom Canadas to offisielle samfunn.<\/p>\n\n<p><a href=\"https:\/\/www.canada.ca\/\">Regjeringen i Quebec<\/a> \u00f8nsker \u00e5 gjeninnf\u00f8re fransk i sm\u00e5 og mellomstore bedrifter for \u00e5 oppmuntre kanadiere til \u00e5 l\u00e6re Moli\u00e8res spr\u00e5k. Denne handlingsplanen vil gj\u00f8re det mulig \u00e5 bevare det franske spr\u00e5ket samtidig som det blir lettere \u00e5 s\u00f8ke jobb for tospr\u00e5klige. Anglofoner og frankofoner ville finne det lettere \u00e5 f\u00e5 jobb.<\/p>\n\n<p>Det m\u00e5 sies at fransk gradvis er i ferd med \u00e5 bli, for kanadiere, et arbeidsspr\u00e5k snarere enn et hjertespr\u00e5k.<\/p>\n","protected":false},"excerpt":{"rendered":"<p>Forsvinningen av fransk i engelsk Canada Canada er et av franskmennenes favoritt turistm\u00e5l, men ogs\u00e5 et vertsland for mange utlendinger. Flere og flere kanadiere er imot \u00e5 l\u00e6re fransk. Hvorfor er de ikke interessert i spr\u00e5ket til Moli\u00e8re? Og hvilken fremtid for fransk i Canada? Det n\u00e5v\u00e6rende funnet Engelsk og fransk er de to offisielle [&hellip;]<\/p>\n","protected":false},"author":1,"featured_media":0,"parent":0,"menu_order":0,"comment_status":"closed","ping_status":"closed","template":"","meta":{"footnotes":""},"class_list":["post-4157","page","type-page","status-publish","hentry"],"yoast_head":"<!-- This site is optimized with the Yoast SEO plugin v26.9 - https:\/\/yoast.com\/product\/yoast-seo-wordpress\/ -->\n<title>Det franske spr\u00e5ket forsvinner gradvis fra Canada<\/title>\n<meta name=\"description\" content=\"Destination appr\u00e9ci\u00e9e des voyageurs fran\u00e7ais, le Canada utilise tout de m\u00eame moins le fran\u00e7ais. Hvorfor slik uinteresse? Svar i denne artikkelen.\" \/>\n<meta name=\"robots\" content=\"index, follow, max-snippet:-1, max-image-preview:large, max-video-preview:-1\" \/>\n<link rel=\"canonical\" href=\"https:\/\/ave-eta-canada.com\/no\/det-franske-spraket-forsvinner-gradvis-fra-canada\/\" \/>\n<meta property=\"og:locale\" content=\"nb_NO\" \/>\n<meta property=\"og:type\" content=\"article\" \/>\n<meta property=\"og:title\" content=\"Det franske spr\u00e5ket forsvinner gradvis fra Canada\" \/>\n<meta property=\"og:description\" content=\"Destination appr\u00e9ci\u00e9e des voyageurs fran\u00e7ais, le Canada utilise tout de m\u00eame moins le fran\u00e7ais. Hvorfor slik uinteresse? Svar i denne artikkelen.\" \/>\n<meta property=\"og:url\" content=\"https:\/\/ave-eta-canada.com\/no\/det-franske-spraket-forsvinner-gradvis-fra-canada\/\" \/>\n<meta property=\"og:site_name\" content=\"VISA CANADA\" \/>\n<meta property=\"article:modified_time\" content=\"2023-04-29T10:25:58+00:00\" \/>\n<meta name=\"twitter:card\" content=\"summary_large_image\" \/>\n<meta name=\"twitter:label1\" content=\"Ansl. lesetid\" \/>\n\t<meta name=\"twitter:data1\" content=\"2 minutter\" \/>\n<script type=\"application\/ld+json\" class=\"yoast-schema-graph\">{\"@context\":\"https:\/\/schema.org\",\"@graph\":[{\"@type\":\"WebPage\",\"@id\":\"https:\/\/ave-eta-canada.com\/no\/det-franske-spraket-forsvinner-gradvis-fra-canada\/\",\"url\":\"https:\/\/ave-eta-canada.com\/no\/det-franske-spraket-forsvinner-gradvis-fra-canada\/\",\"name\":\"Det franske spr\u00e5ket forsvinner gradvis fra Canada\",\"isPartOf\":{\"@id\":\"https:\/\/ave-eta-canada.com\/no\/#website\"},\"datePublished\":\"2023-04-18T14:41:44+00:00\",\"dateModified\":\"2023-04-29T10:25:58+00:00\",\"description\":\"Destination appr\u00e9ci\u00e9e des voyageurs fran\u00e7ais, le Canada utilise tout de m\u00eame moins le fran\u00e7ais. Hvorfor slik uinteresse? Svar i denne artikkelen.\",\"breadcrumb\":{\"@id\":\"https:\/\/ave-eta-canada.com\/no\/det-franske-spraket-forsvinner-gradvis-fra-canada\/#breadcrumb\"},\"inLanguage\":\"nb-NO\",\"potentialAction\":[{\"@type\":\"ReadAction\",\"target\":[\"https:\/\/ave-eta-canada.com\/no\/det-franske-spraket-forsvinner-gradvis-fra-canada\/\"]}]},{\"@type\":\"BreadcrumbList\",\"@id\":\"https:\/\/ave-eta-canada.com\/no\/det-franske-spraket-forsvinner-gradvis-fra-canada\/#breadcrumb\",\"itemListElement\":[{\"@type\":\"ListItem\",\"position\":1,\"name\":\"Home\",\"item\":\"https:\/\/ave-eta-canada.com\/no\/\"},{\"@type\":\"ListItem\",\"position\":2,\"name\":\"Det franske spr\u00e5ket forsvinner gradvis fra Canada\"}]},{\"@type\":\"WebSite\",\"@id\":\"https:\/\/ave-eta-canada.com\/no\/#website\",\"url\":\"https:\/\/ave-eta-canada.com\/no\/\",\"name\":\"VISA CANADA\",\"description\":\"Autorisation Voyage Electronique\",\"potentialAction\":[{\"@type\":\"SearchAction\",\"target\":{\"@type\":\"EntryPoint\",\"urlTemplate\":\"https:\/\/ave-eta-canada.com\/no\/?s={search_term_string}\"},\"query-input\":{\"@type\":\"PropertyValueSpecification\",\"valueRequired\":true,\"valueName\":\"search_term_string\"}}],\"inLanguage\":\"nb-NO\"}]}<\/script>\n<!-- \/ Yoast SEO plugin. -->","yoast_head_json":{"title":"Det franske spr\u00e5ket forsvinner gradvis fra Canada","description":"Destination appr\u00e9ci\u00e9e des voyageurs fran\u00e7ais, le Canada utilise tout de m\u00eame moins le fran\u00e7ais. Hvorfor slik uinteresse? Svar i denne artikkelen.","robots":{"index":"index","follow":"follow","max-snippet":"max-snippet:-1","max-image-preview":"max-image-preview:large","max-video-preview":"max-video-preview:-1"},"canonical":"https:\/\/ave-eta-canada.com\/no\/det-franske-spraket-forsvinner-gradvis-fra-canada\/","og_locale":"nb_NO","og_type":"article","og_title":"Det franske spr\u00e5ket forsvinner gradvis fra Canada","og_description":"Destination appr\u00e9ci\u00e9e des voyageurs fran\u00e7ais, le Canada utilise tout de m\u00eame moins le fran\u00e7ais. Hvorfor slik uinteresse? Svar i denne artikkelen.","og_url":"https:\/\/ave-eta-canada.com\/no\/det-franske-spraket-forsvinner-gradvis-fra-canada\/","og_site_name":"VISA CANADA","article_modified_time":"2023-04-29T10:25:58+00:00","twitter_card":"summary_large_image","twitter_misc":{"Ansl. lesetid":"2 minutter"},"schema":{"@context":"https:\/\/schema.org","@graph":[{"@type":"WebPage","@id":"https:\/\/ave-eta-canada.com\/no\/det-franske-spraket-forsvinner-gradvis-fra-canada\/","url":"https:\/\/ave-eta-canada.com\/no\/det-franske-spraket-forsvinner-gradvis-fra-canada\/","name":"Det franske spr\u00e5ket forsvinner gradvis fra Canada","isPartOf":{"@id":"https:\/\/ave-eta-canada.com\/no\/#website"},"datePublished":"2023-04-18T14:41:44+00:00","dateModified":"2023-04-29T10:25:58+00:00","description":"Destination appr\u00e9ci\u00e9e des voyageurs fran\u00e7ais, le Canada utilise tout de m\u00eame moins le fran\u00e7ais. Hvorfor slik uinteresse? Svar i denne artikkelen.","breadcrumb":{"@id":"https:\/\/ave-eta-canada.com\/no\/det-franske-spraket-forsvinner-gradvis-fra-canada\/#breadcrumb"},"inLanguage":"nb-NO","potentialAction":[{"@type":"ReadAction","target":["https:\/\/ave-eta-canada.com\/no\/det-franske-spraket-forsvinner-gradvis-fra-canada\/"]}]},{"@type":"BreadcrumbList","@id":"https:\/\/ave-eta-canada.com\/no\/det-franske-spraket-forsvinner-gradvis-fra-canada\/#breadcrumb","itemListElement":[{"@type":"ListItem","position":1,"name":"Home","item":"https:\/\/ave-eta-canada.com\/no\/"},{"@type":"ListItem","position":2,"name":"Det franske spr\u00e5ket forsvinner gradvis fra Canada"}]},{"@type":"WebSite","@id":"https:\/\/ave-eta-canada.com\/no\/#website","url":"https:\/\/ave-eta-canada.com\/no\/","name":"VISA CANADA","description":"Autorisation Voyage Electronique","potentialAction":[{"@type":"SearchAction","target":{"@type":"EntryPoint","urlTemplate":"https:\/\/ave-eta-canada.com\/no\/?s={search_term_string}"},"query-input":{"@type":"PropertyValueSpecification","valueRequired":true,"valueName":"search_term_string"}}],"inLanguage":"nb-NO"}]}},"_links":{"self":[{"href":"https:\/\/ave-eta-canada.com\/no\/wp-json\/wp\/v2\/pages\/4157","targetHints":{"allow":["GET"]}}],"collection":[{"href":"https:\/\/ave-eta-canada.com\/no\/wp-json\/wp\/v2\/pages"}],"about":[{"href":"https:\/\/ave-eta-canada.com\/no\/wp-json\/wp\/v2\/types\/page"}],"author":[{"embeddable":true,"href":"https:\/\/ave-eta-canada.com\/no\/wp-json\/wp\/v2\/users\/1"}],"replies":[{"embeddable":true,"href":"https:\/\/ave-eta-canada.com\/no\/wp-json\/wp\/v2\/comments?post=4157"}],"version-history":[{"count":0,"href":"https:\/\/ave-eta-canada.com\/no\/wp-json\/wp\/v2\/pages\/4157\/revisions"}],"wp:attachment":[{"href":"https:\/\/ave-eta-canada.com\/no\/wp-json\/wp\/v2\/media?parent=4157"}],"curies":[{"name":"wp","href":"https:\/\/api.w.org\/{rel}","templated":true}]}}

Det franske språket forsvinner gradvis fra Canada

<h1 class="wp-block-heading">Forsvinningen av fransk i engelsk Canada</h1>

<p>Canada er et av franskmennenes favoritt turistmål, men også et vertsland for mange utlendinger. Flere og flere kanadiere er imot å lære fransk. Hvorfor er de ikke interessert i språket til Molière? Og hvilken fremtid for fransk i Canada?</p>

<h2 class="wp-block-heading">Det nåværende funnet</h2>

<p>Engelsk og fransk er de to offisielle språkene i Canada, i henhold til loven som ble vedtatt i 1969 av parlamentet i Canada. Tidligere var tospråklighet svært viktig. Til tross for denne språklovgivningen, er engelske kanadiere mindre og mindre tilbøyelige til å lære eller snakke fransk. De er 10 millioner i 2018, for å erklære å kunne <a href="https://ave-eta-canada.com/no/nyhetene-angaende-eta/">snakke fransk</a>, men dette tallet er i konstant nedgang.</p>

<p>Å lære et obligatorisk andrespråk plager dem allerede, og flere og flere lurer på hvorfor det skal være fransk. Noen kanadiere synes det er urettferdig å lære fransk i stedet for et annet språk. Selv i Quebec tar French et baksete og mister sin betydning.</p>

<p>Et fenomen dukker opp, det med å nekte å leve på fransk. Å bruke fransk på jobb er fortsatt akseptabelt, men når du er hjemme, tar det andre offisielle språket over. Fransk som første morsmål er også i tilbakegang.<br/></p>

<h2 class="wp-block-heading">Hvilken fremtid for det franske språket i Canada?</h2>

<p>Mange studier viser et dypt skille mellom Canadas to offisielle samfunn.</p>

<p><a href="https://www.canada.ca/">Regjeringen i Quebec</a> ønsker å gjeninnføre fransk i små og mellomstore bedrifter for å oppmuntre kanadiere til å lære Molières språk. Denne handlingsplanen vil gjøre det mulig å bevare det franske språket samtidig som det blir lettere å søke jobb for tospråklige. Anglofoner og frankofoner ville finne det lettere å få jobb.</p>

<p>Det må sies at fransk gradvis er i ferd med å bli, for kanadiere, et arbeidsspråk snarere enn et hjertespråk.</p>

<p>Forsvinningen av fransk i engelsk Canada Canada er et av franskmennenes favoritt turistmål, men også et vertsland for mange utlendinger. Flere og flere kanadiere er imot å lære fransk. Hvorfor er de ikke interessert i språket til Molière? Og hvilken fremtid for fransk i Canada? Det nåværende funnet Engelsk og fransk er de to offisielle [&hellip;]</p>

<!-- This site is optimized with the Yoast SEO plugin v26.9 - https://yoast.com/product/yoast-seo-wordpress/ -->
<title>Det franske språket forsvinner gradvis fra Canada</title>
<meta name="description" content="Destination appréciée des voyageurs français, le Canada utilise tout de même moins le français. Hvorfor slik uinteresse? Svar i denne artikkelen." />
<meta name="robots" content="index, follow, max-snippet:-1, max-image-preview:large, max-video-preview:-1" />
<link rel="canonical" href="https://ave-eta-canada.com/no/det-franske-spraket-forsvinner-gradvis-fra-canada/" />
<meta property="og:locale" content="nb_NO" />
<meta property="og:type" content="article" />
<meta property="og:title" content="Det franske språket forsvinner gradvis fra Canada" />
<meta property="og:description" content="Destination appréciée des voyageurs français, le Canada utilise tout de même moins le français. Hvorfor slik uinteresse? Svar i denne artikkelen." />
<meta property="og:url" content="https://ave-eta-canada.com/no/det-franske-spraket-forsvinner-gradvis-fra-canada/" />
<meta property="og:site_name" content="VISA CANADA" />
<meta property="article:modified_time" content="2023-04-29T10:25:58+00:00" />
<meta name="twitter:card" content="summary_large_image" />
<meta name="twitter:label1" content="Ansl. lesetid" />
	<meta name="twitter:data1" content="2 minutter" />
<script type="application/ld+json" class="yoast-schema-graph">{"@context":"https://schema.org","@graph":[{"@type":"WebPage","@id":"https://ave-eta-canada.com/no/det-franske-spraket-forsvinner-gradvis-fra-canada/","url":"https://ave-eta-canada.com/no/det-franske-spraket-forsvinner-gradvis-fra-canada/","name":"Det franske språket forsvinner gradvis fra Canada","isPartOf":{"@id":"https://ave-eta-canada.com/no/#website"},"datePublished":"2023-04-18T14:41:44+00:00","dateModified":"2023-04-29T10:25:58+00:00","description":"Destination appréciée des voyageurs français, le Canada utilise tout de même moins le français. Hvorfor slik uinteresse? Svar i denne artikkelen.","breadcrumb":{"@id":"https://ave-eta-canada.com/no/det-franske-spraket-forsvinner-gradvis-fra-canada/#breadcrumb"},"inLanguage":"nb-NO","potentialAction":[{"@type":"ReadAction","target":["https://ave-eta-canada.com/no/det-franske-spraket-forsvinner-gradvis-fra-canada/"]}]},{"@type":"BreadcrumbList","@id":"https://ave-eta-canada.com/no/det-franske-spraket-forsvinner-gradvis-fra-canada/#breadcrumb","itemListElement":[{"@type":"ListItem","position":1,"name":"Home","item":"https://ave-eta-canada.com/no/"},{"@type":"ListItem","position":2,"name":"Det franske språket forsvinner gradvis fra Canada"}]},{"@type":"WebSite","@id":"https://ave-eta-canada.com/no/#website","url":"https://ave-eta-canada.com/no/","name":"VISA CANADA","description":"Autorisation Voyage Electronique","potentialAction":[{"@type":"SearchAction","target":{"@type":"EntryPoint","urlTemplate":"https://ave-eta-canada.com/no/?s={search_term_string}"},"query-input":{"@type":"PropertyValueSpecification","valueRequired":true,"valueName":"search_term_string"}}],"inLanguage":"nb-NO"}]}</script>
<!-- / Yoast SEO plugin. -->

Destination appréciée des voyageurs français, le Canada utilise tout de même moins le français. Hvorfor slik uinteresse? Svar i denne artikkelen.
